{"id":1615,"date":"2022-01-12T12:08:19","date_gmt":"2022-01-12T11:08:19","guid":{"rendered":"https:\/\/www.arctik.eu\/teams\/alexandra-singer\/"},"modified":"2023-02-10T21:19:44","modified_gmt":"2023-02-10T20:19:44","slug":"alexandra-singer","status":"publish","type":"teams","link":"https:\/\/www.arctik.eu\/fr\/teams\/alexandra-singer\/","title":{"rendered":"Alexandra Singer"},"content":{"rendered":"\n<p>Alexandra a rejoint Arctik en septembre 2021, en tant que consultante en communication.<\/p>\n\n\n\n<p>Elle a acquis de l&rsquo;exp\u00e9rience en tant que r\u00e9dactrice, copywriter et cr\u00e9atrice de contenus pour des campagnes et initiatives publiques li\u00e9es notamment \u00e0 la politique de l&rsquo;UE, la migration, la r\u00e9silience climatique et la coop\u00e9ration internationale. Elle sait donc traiter &#8211; et traduire &#8211; des politiques complexes de mani\u00e8re pr\u00e9cise, concise et accessible.<\/p>\n\n\n\n<p>Alexandra est titulaire d&rsquo;une Licence en sciences politiques de l&rsquo;universit\u00e9 Brandeis (\u00c9tats-Unis), d&rsquo;un Master en philosophie et politique publique de la LSE (Royaume-Uni), et d&rsquo;un Master de recherche de la KU Leuven (Belgique).<\/p>\n\n\n\n<p>Elle parle couramment anglais et fran\u00e7ais, sait tenir une conversation en italien, et reste optimiste quant \u00e0 son apprentissage du n\u00e9erlandais.<\/p>\n","protected":false},"featured_media":3361,"template":"","class_list":["post-1615","teams","type-teams","status-publish","has-post-thumbnail","hentry"],"acf":[],"yoast_head":"<!-- This site is optimized with the Yoast SEO Premium plugin v18.1 (Yoast SEO v26.3) - https:\/\/yoast.com\/wordpress\/plugins\/seo\/ -->\n<title>Alexandra Singer - Arctik<\/title>\n<meta name=\"robots\" content=\"index, follow, max-snippet:-1, max-image-preview:large, max-video-preview:-1\" \/>\n<link rel=\"canonical\" href=\"https:\/\/www.arctik.eu\/teams\/alexandra-singer\/\" \/>\n<meta property=\"og:locale\" content=\"fr_FR\" \/>\n<meta property=\"og:type\" content=\"article\" \/>\n<meta property=\"og:title\" content=\"Alexandra Singer\" \/>\n<meta property=\"og:description\" content=\"Alexandra a rejoint Arctik en septembre 2021, en tant que consultante en communication. Elle a acquis de l&rsquo;exp\u00e9rience en tant que r\u00e9dactrice, copywriter et cr\u00e9atrice de contenus pour des campagnes et initiatives publiques li\u00e9es notamment \u00e0 la politique de l&rsquo;UE, la migration, la r\u00e9silience climatique et la coop\u00e9ration internationale. Elle sait donc traiter &#8211; et [&hellip;]\" \/>\n<meta property=\"og:url\" content=\"https:\/\/www.arctik.eu\/teams\/alexandra-singer\/\" \/>\n<meta property=\"og:site_name\" content=\"Arctik\" \/>\n<meta property=\"article:modified_time\" content=\"2023-02-10T20:19:44+00:00\" \/>\n<meta property=\"og:image\" content=\"https:\/\/www.arctik.eu\/wp-content\/uploads\/2022\/01\/Alex-844x844.png\" \/>\n\t<meta property=\"og:image:width\" content=\"844\" \/>\n\t<meta property=\"og:image:height\" content=\"844\" \/>\n\t<meta property=\"og:image:type\" content=\"image\/png\" \/>\n<meta name=\"twitter:card\" content=\"summary_large_image\" \/>\n<meta name=\"twitter:label1\" content=\"Dur\u00e9e de lecture estim\u00e9e\" \/>\n\t<meta name=\"twitter:data1\" content=\"1 minute\" \/>\n<script type=\"application\/ld+json\" class=\"yoast-schema-graph\">{\"@context\":\"https:\/\/schema.org\",\"@graph\":[{\"@type\":\"WebPage\",\"@id\":\"https:\/\/www.arctik.eu\/teams\/alexandra-singer\/\",\"url\":\"https:\/\/www.arctik.eu\/teams\/alexandra-singer\/\",\"name\":\"Alexandra Singer - Arctik\",\"isPartOf\":{\"@id\":\"https:\/\/www.arctik.eu\/#website\"},\"primaryImageOfPage\":{\"@id\":\"https:\/\/www.arctik.eu\/teams\/alexandra-singer\/#primaryimage\"},\"image\":{\"@id\":\"https:\/\/www.arctik.eu\/teams\/alexandra-singer\/#primaryimage\"},\"thumbnailUrl\":\"https:\/\/www.arctik.eu\/wp-content\/uploads\/2022\/01\/Alex.png\",\"datePublished\":\"2022-01-12T11:08:19+00:00\",\"dateModified\":\"2023-02-10T20:19:44+00:00\",\"breadcrumb\":{\"@id\":\"https:\/\/www.arctik.eu\/teams\/alexandra-singer\/#breadcrumb\"},\"inLanguage\":\"fr-FR\",\"potentialAction\":[{\"@type\":\"ReadAction\",\"target\":[\"https:\/\/www.arctik.eu\/teams\/alexandra-singer\/\"]}]},{\"@type\":\"ImageObject\",\"inLanguage\":\"fr-FR\",\"@id\":\"https:\/\/www.arctik.eu\/teams\/alexandra-singer\/#primaryimage\",\"url\":\"https:\/\/www.arctik.eu\/wp-content\/uploads\/2022\/01\/Alex.png\",\"contentUrl\":\"https:\/\/www.arctik.eu\/wp-content\/uploads\/2022\/01\/Alex.png\",\"width\":2000,\"height\":2000},{\"@type\":\"BreadcrumbList\",\"@id\":\"https:\/\/www.arctik.eu\/teams\/alexandra-singer\/#breadcrumb\",\"itemListElement\":[{\"@type\":\"ListItem\",\"position\":1,\"name\":\"Home\",\"item\":\"https:\/\/www.arctik.eu\/fr\/homepage\/\"},{\"@type\":\"ListItem\",\"position\":2,\"name\":\"Alexandra Singer\"}]},{\"@type\":\"WebSite\",\"@id\":\"https:\/\/www.arctik.eu\/#website\",\"url\":\"https:\/\/www.arctik.eu\/\",\"name\":\"Arctik\",\"description\":\"Communication for sustainability\",\"publisher\":{\"@id\":\"https:\/\/www.arctik.eu\/#organization\"},\"potentialAction\":[{\"@type\":\"SearchAction\",\"target\":{\"@type\":\"EntryPoint\",\"urlTemplate\":\"https:\/\/www.arctik.eu\/?s={search_term_string}\"},\"query-input\":{\"@type\":\"PropertyValueSpecification\",\"valueRequired\":true,\"valueName\":\"search_term_string\"}}],\"inLanguage\":\"fr-FR\"},{\"@type\":\"Organization\",\"@id\":\"https:\/\/www.arctik.eu\/#organization\",\"name\":\"Arctik - Communication for Sustainability\",\"url\":\"https:\/\/www.arctik.eu\/\",\"logo\":{\"@type\":\"ImageObject\",\"inLanguage\":\"fr-FR\",\"@id\":\"https:\/\/www.arctik.eu\/#\/schema\/logo\/image\/\",\"url\":\"https:\/\/www.arctik.eu\/wp-content\/uploads\/2022\/03\/arctik-communication-social-network.jpg\",\"contentUrl\":\"https:\/\/www.arctik.eu\/wp-content\/uploads\/2022\/03\/arctik-communication-social-network.jpg\",\"width\":1200,\"height\":630,\"caption\":\"Arctik - Communication for Sustainability\"},\"image\":{\"@id\":\"https:\/\/www.arctik.eu\/#\/schema\/logo\/image\/\"}}]}<\/script>\n<!-- \/ Yoast SEO Premium plugin. -->","yoast_head_json":{"title":"Alexandra Singer - Arctik","robots":{"index":"index","follow":"follow","max-snippet":"max-snippet:-1","max-image-preview":"max-image-preview:large","max-video-preview":"max-video-preview:-1"},"canonical":"https:\/\/www.arctik.eu\/teams\/alexandra-singer\/","og_locale":"fr_FR","og_type":"article","og_title":"Alexandra Singer","og_description":"Alexandra a rejoint Arctik en septembre 2021, en tant que consultante en communication. Elle a acquis de l&rsquo;exp\u00e9rience en tant que r\u00e9dactrice, copywriter et cr\u00e9atrice de contenus pour des campagnes et initiatives publiques li\u00e9es notamment \u00e0 la politique de l&rsquo;UE, la migration, la r\u00e9silience climatique et la coop\u00e9ration internationale. Elle sait donc traiter &#8211; et [&hellip;]","og_url":"https:\/\/www.arctik.eu\/teams\/alexandra-singer\/","og_site_name":"Arctik","article_modified_time":"2023-02-10T20:19:44+00:00","og_image":[{"width":844,"height":844,"url":"https:\/\/www.arctik.eu\/wp-content\/uploads\/2022\/01\/Alex-844x844.png","type":"image\/png"}],"twitter_card":"summary_large_image","twitter_misc":{"Dur\u00e9e de lecture estim\u00e9e":"1 minute"},"schema":{"@context":"https:\/\/schema.org","@graph":[{"@type":"WebPage","@id":"https:\/\/www.arctik.eu\/teams\/alexandra-singer\/","url":"https:\/\/www.arctik.eu\/teams\/alexandra-singer\/","name":"Alexandra Singer - Arctik","isPartOf":{"@id":"https:\/\/www.arctik.eu\/#website"},"primaryImageOfPage":{"@id":"https:\/\/www.arctik.eu\/teams\/alexandra-singer\/#primaryimage"},"image":{"@id":"https:\/\/www.arctik.eu\/teams\/alexandra-singer\/#primaryimage"},"thumbnailUrl":"https:\/\/www.arctik.eu\/wp-content\/uploads\/2022\/01\/Alex.png","datePublished":"2022-01-12T11:08:19+00:00","dateModified":"2023-02-10T20:19:44+00:00","breadcrumb":{"@id":"https:\/\/www.arctik.eu\/teams\/alexandra-singer\/#breadcrumb"},"inLanguage":"fr-FR","potentialAction":[{"@type":"ReadAction","target":["https:\/\/www.arctik.eu\/teams\/alexandra-singer\/"]}]},{"@type":"ImageObject","inLanguage":"fr-FR","@id":"https:\/\/www.arctik.eu\/teams\/alexandra-singer\/#primaryimage","url":"https:\/\/www.arctik.eu\/wp-content\/uploads\/2022\/01\/Alex.png","contentUrl":"https:\/\/www.arctik.eu\/wp-content\/uploads\/2022\/01\/Alex.png","width":2000,"height":2000},{"@type":"BreadcrumbList","@id":"https:\/\/www.arctik.eu\/teams\/alexandra-singer\/#breadcrumb","itemListElement":[{"@type":"ListItem","position":1,"name":"Home","item":"https:\/\/www.arctik.eu\/fr\/homepage\/"},{"@type":"ListItem","position":2,"name":"Alexandra Singer"}]},{"@type":"WebSite","@id":"https:\/\/www.arctik.eu\/#website","url":"https:\/\/www.arctik.eu\/","name":"Arctik","description":"Communication for sustainability","publisher":{"@id":"https:\/\/www.arctik.eu\/#organization"},"potentialAction":[{"@type":"SearchAction","target":{"@type":"EntryPoint","urlTemplate":"https:\/\/www.arctik.eu\/?s={search_term_string}"},"query-input":{"@type":"PropertyValueSpecification","valueRequired":true,"valueName":"search_term_string"}}],"inLanguage":"fr-FR"},{"@type":"Organization","@id":"https:\/\/www.arctik.eu\/#organization","name":"Arctik - Communication for Sustainability","url":"https:\/\/www.arctik.eu\/","logo":{"@type":"ImageObject","inLanguage":"fr-FR","@id":"https:\/\/www.arctik.eu\/#\/schema\/logo\/image\/","url":"https:\/\/www.arctik.eu\/wp-content\/uploads\/2022\/03\/arctik-communication-social-network.jpg","contentUrl":"https:\/\/www.arctik.eu\/wp-content\/uploads\/2022\/03\/arctik-communication-social-network.jpg","width":1200,"height":630,"caption":"Arctik - Communication for Sustainability"},"image":{"@id":"https:\/\/www.arctik.eu\/#\/schema\/logo\/image\/"}}]}},"_links":{"self":[{"href":"https:\/\/www.arctik.eu\/fr\/wp-json\/wp\/v2\/teams\/1615","targetHints":{"allow":["GET"]}}],"collection":[{"href":"https:\/\/www.arctik.eu\/fr\/wp-json\/wp\/v2\/teams"}],"about":[{"href":"https:\/\/www.arctik.eu\/fr\/wp-json\/wp\/v2\/types\/teams"}],"wp:featuredmedia":[{"embeddable":true,"href":"https:\/\/www.arctik.eu\/fr\/wp-json\/wp\/v2\/media\/3361"}],"wp:attachment":[{"href":"https:\/\/www.arctik.eu\/fr\/wp-json\/wp\/v2\/media?parent=1615"}],"curies":[{"name":"wp","href":"https:\/\/api.w.org\/{rel}","templated":true}]}}

<p>Alexandra a rejoint Arctik en septembre 2021, en tant que consultante en communication.</p>



<p>Elle a acquis de l&rsquo;expérience en tant que rédactrice, copywriter et créatrice de contenus pour des campagnes et initiatives publiques liées notamment à la politique de l&rsquo;UE, la migration, la résilience climatique et la coopération internationale. Elle sait donc traiter &#8211; et traduire &#8211; des politiques complexes de manière précise, concise et accessible.</p>



<p>Alexandra est titulaire d&rsquo;une Licence en sciences politiques de l&rsquo;université Brandeis (États-Unis), d&rsquo;un Master en philosophie et politique publique de la LSE (Royaume-Uni), et d&rsquo;un Master de recherche de la KU Leuven (Belgique).</p>



<p>Elle parle couramment anglais et français, sait tenir une conversation en italien, et reste optimiste quant à son apprentissage du néerlandais.</p>

<!-- This site is optimized with the Yoast SEO Premium plugin v18.1 (Yoast SEO v26.3) - https://yoast.com/wordpress/plugins/seo/ -->
<title>Alexandra Singer - Arctik</title>
<meta name="robots" content="index, follow, max-snippet:-1, max-image-preview:large, max-video-preview:-1" />
<link rel="canonical" href="https://www.arctik.eu/teams/alexandra-singer/" />
<meta property="og:locale" content="fr_FR" />
<meta property="og:type" content="article" />
<meta property="og:title" content="Alexandra Singer" />
<meta property="og:description" content="Alexandra a rejoint Arctik en septembre 2021, en tant que consultante en communication. Elle a acquis de l&rsquo;expérience en tant que rédactrice, copywriter et créatrice de contenus pour des campagnes et initiatives publiques liées notamment à la politique de l&rsquo;UE, la migration, la résilience climatique et la coopération internationale. Elle sait donc traiter &#8211; et [&hellip;]" />
<meta property="og:url" content="https://www.arctik.eu/teams/alexandra-singer/" />
<meta property="og:site_name" content="Arctik" />
<meta property="article:modified_time" content="2023-02-10T20:19:44+00:00" />
<meta property="og:image" content="https://www.arctik.eu/wp-content/uploads/2022/01/Alex-844x844.png" />
	<meta property="og:image:width" content="844" />
	<meta property="og:image:height" content="844" />
	<meta property="og:image:type" content="image/png" />
<meta name="twitter:card" content="summary_large_image" />
<meta name="twitter:label1" content="Durée de lecture estimée" />
	<meta name="twitter:data1" content="1 minute" />
<script type="application/ld+json" class="yoast-schema-graph">{"@context":"https://schema.org","@graph":[{"@type":"WebPage","@id":"https://www.arctik.eu/teams/alexandra-singer/","url":"https://www.arctik.eu/teams/alexandra-singer/","name":"Alexandra Singer - Arctik","isPartOf":{"@id":"https://www.arctik.eu/#website"},"primaryImageOfPage":{"@id":"https://www.arctik.eu/teams/alexandra-singer/#primaryimage"},"image":{"@id":"https://www.arctik.eu/teams/alexandra-singer/#primaryimage"},"thumbnailUrl":"https://www.arctik.eu/wp-content/uploads/2022/01/Alex.png","datePublished":"2022-01-12T11:08:19+00:00","dateModified":"2023-02-10T20:19:44+00:00","breadcrumb":{"@id":"https://www.arctik.eu/teams/alexandra-singer/#breadcrumb"},"inLanguage":"fr-FR","potentialAction":[{"@type":"ReadAction","target":["https://www.arctik.eu/teams/alexandra-singer/"]}]},{"@type":"ImageObject","inLanguage":"fr-FR","@id":"https://www.arctik.eu/teams/alexandra-singer/#primaryimage","url":"https://www.arctik.eu/wp-content/uploads/2022/01/Alex.png","contentUrl":"https://www.arctik.eu/wp-content/uploads/2022/01/Alex.png","width":2000,"height":2000},{"@type":"BreadcrumbList","@id":"https://www.arctik.eu/teams/alexandra-singer/#breadcrumb","itemListElement":[{"@type":"ListItem","position":1,"name":"Home","item":"https://www.arctik.eu/fr/homepage/"},{"@type":"ListItem","position":2,"name":"Alexandra Singer"}]},{"@type":"WebSite","@id":"https://www.arctik.eu/#website","url":"https://www.arctik.eu/","name":"Arctik","description":"Communication for sustainability","publisher":{"@id":"https://www.arctik.eu/#organization"},"potentialAction":[{"@type":"SearchAction","target":{"@type":"EntryPoint","urlTemplate":"https://www.arctik.eu/?s={search_term_string}"},"query-input":{"@type":"PropertyValueSpecification","valueRequired":true,"valueName":"search_term_string"}}],"inLanguage":"fr-FR"},{"@type":"Organization","@id":"https://www.arctik.eu/#organization","name":"Arctik - Communication for Sustainability","url":"https://www.arctik.eu/","logo":{"@type":"ImageObject","inLanguage":"fr-FR","@id":"https://www.arctik.eu/#/schema/logo/image/","url":"https://www.arctik.eu/wp-content/uploads/2022/03/arctik-communication-social-network.jpg","contentUrl":"https://www.arctik.eu/wp-content/uploads/2022/03/arctik-communication-social-network.jpg","width":1200,"height":630,"caption":"Arctik - Communication for Sustainability"},"image":{"@id":"https://www.arctik.eu/#/schema/logo/image/"}}]}</script>
<!-- / Yoast SEO Premium plugin. -->

Alexandra a rejoint Arctik en septembre 2021, en tant que consultante en communication. Elle a acquis de l&rsquo;expérience en tant que rédactrice, copywriter et créatrice de contenus pour des campagnes et initiatives publiques liées notamment à la politique de l&rsquo;UE, la migration, la résilience climatique et la coopération internationale. Elle sait donc traiter &#8211; et [&hellip;]
