{"id":1619,"date":"2022-09-23T14:11:54","date_gmt":"2022-09-23T12:11:54","guid":{"rendered":"https:\/\/www.arctik.eu\/teams\/flora-soyez\/"},"modified":"2023-02-22T13:13:54","modified_gmt":"2023-02-22T12:13:54","slug":"flora-soyez","status":"publish","type":"teams","link":"https:\/\/www.arctik.eu\/fr\/teams\/flora-soyez\/","title":{"rendered":"Flora Soyez"},"content":{"rendered":"\n<p>Flora a rejoint Arctik en septembre 2022 et travaille actuellement pour des projets belges (Bruxelles Environnement, Service public de la Wallonie), ayant une dominance en mati\u00e8re de communication num\u00e9rique et de strat\u00e9gie de diffusion. <\/p>\n\n\n\n<p>Apr\u00e8s avoir commenc\u00e9 sa carri\u00e8re en tant que consultante junior dans un cabinet de conseil europ\u00e9en sp\u00e9cialis\u00e9 dans les politiques environnementales, Flora a \u00e9t\u00e9 coordinatrice de campagnes pour diff\u00e9rentes ONG belges (la Croix-Rouge Belge notamment). Elle a \u00e9galement \u00e9t\u00e9 assistante parlementaire, puis charg\u00e9e de projets pour l\u2019ONG ECOS. Flora est titulaire d&rsquo;un master en gestion environnementale de l\u2019universit\u00e9 Sheffield Hallam (Royaume-Uni), et d\u2019un master en affaires europ\u00e9ennes de l\u2019ISMAPP, ainsi que d\u2019une licence en sciences \u00e9conomiques et sociales de l\u2019Institut catholique de Paris (France). De langue maternelle fran\u00e7aise, elle parle couramment anglais.<\/p>\n","protected":false},"featured_media":1563,"template":"","class_list":["post-1619","teams","type-teams","status-publish","has-post-thumbnail","hentry"],"acf":[],"yoast_head":"<!-- This site is optimized with the Yoast SEO Premium plugin v18.1 (Yoast SEO v26.3) - https:\/\/yoast.com\/wordpress\/plugins\/seo\/ -->\n<title>Flora Soyez - Arctik<\/title>\n<meta name=\"robots\" content=\"index, follow, max-snippet:-1, max-image-preview:large, max-video-preview:-1\" \/>\n<link rel=\"canonical\" href=\"https:\/\/www.arctik.eu\/teams\/flora-soyez\/\" \/>\n<meta property=\"og:locale\" content=\"fr_FR\" \/>\n<meta property=\"og:type\" content=\"article\" \/>\n<meta property=\"og:title\" content=\"Flora Soyez\" \/>\n<meta property=\"og:description\" content=\"Flora a rejoint Arctik en septembre 2022 et travaille actuellement pour des projets belges (Bruxelles Environnement, Service public de la Wallonie), ayant une dominance en mati\u00e8re de communication num\u00e9rique et de strat\u00e9gie de diffusion. Apr\u00e8s avoir commenc\u00e9 sa carri\u00e8re en tant que consultante junior dans un cabinet de conseil europ\u00e9en sp\u00e9cialis\u00e9 dans les politiques environnementales, [&hellip;]\" \/>\n<meta property=\"og:url\" content=\"https:\/\/www.arctik.eu\/teams\/flora-soyez\/\" \/>\n<meta property=\"og:site_name\" content=\"Arctik\" \/>\n<meta property=\"article:modified_time\" content=\"2023-02-22T12:13:54+00:00\" \/>\n<meta property=\"og:image\" content=\"https:\/\/www.arctik.eu\/wp-content\/uploads\/2022\/09\/Flora1.jpg\" \/>\n\t<meta property=\"og:image:width\" content=\"1000\" \/>\n\t<meta property=\"og:image:height\" content=\"1000\" \/>\n\t<meta property=\"og:image:type\" content=\"image\/jpeg\" \/>\n<meta name=\"twitter:card\" content=\"summary_large_image\" \/>\n<meta name=\"twitter:label1\" content=\"Dur\u00e9e de lecture estim\u00e9e\" \/>\n\t<meta name=\"twitter:data1\" content=\"1 minute\" \/>\n<script type=\"application\/ld+json\" class=\"yoast-schema-graph\">{\"@context\":\"https:\/\/schema.org\",\"@graph\":[{\"@type\":\"WebPage\",\"@id\":\"https:\/\/www.arctik.eu\/teams\/flora-soyez\/\",\"url\":\"https:\/\/www.arctik.eu\/teams\/flora-soyez\/\",\"name\":\"Flora Soyez - Arctik\",\"isPartOf\":{\"@id\":\"https:\/\/www.arctik.eu\/#website\"},\"primaryImageOfPage\":{\"@id\":\"https:\/\/www.arctik.eu\/teams\/flora-soyez\/#primaryimage\"},\"image\":{\"@id\":\"https:\/\/www.arctik.eu\/teams\/flora-soyez\/#primaryimage\"},\"thumbnailUrl\":\"https:\/\/www.arctik.eu\/wp-content\/uploads\/2022\/09\/Flora1.jpg\",\"datePublished\":\"2022-09-23T12:11:54+00:00\",\"dateModified\":\"2023-02-22T12:13:54+00:00\",\"breadcrumb\":{\"@id\":\"https:\/\/www.arctik.eu\/teams\/flora-soyez\/#breadcrumb\"},\"inLanguage\":\"fr-FR\",\"potentialAction\":[{\"@type\":\"ReadAction\",\"target\":[\"https:\/\/www.arctik.eu\/teams\/flora-soyez\/\"]}]},{\"@type\":\"ImageObject\",\"inLanguage\":\"fr-FR\",\"@id\":\"https:\/\/www.arctik.eu\/teams\/flora-soyez\/#primaryimage\",\"url\":\"https:\/\/www.arctik.eu\/wp-content\/uploads\/2022\/09\/Flora1.jpg\",\"contentUrl\":\"https:\/\/www.arctik.eu\/wp-content\/uploads\/2022\/09\/Flora1.jpg\",\"width\":1000,\"height\":1000},{\"@type\":\"BreadcrumbList\",\"@id\":\"https:\/\/www.arctik.eu\/teams\/flora-soyez\/#breadcrumb\",\"itemListElement\":[{\"@type\":\"ListItem\",\"position\":1,\"name\":\"Home\",\"item\":\"https:\/\/www.arctik.eu\/fr\/homepage\/\"},{\"@type\":\"ListItem\",\"position\":2,\"name\":\"Flora Soyez\"}]},{\"@type\":\"WebSite\",\"@id\":\"https:\/\/www.arctik.eu\/#website\",\"url\":\"https:\/\/www.arctik.eu\/\",\"name\":\"Arctik\",\"description\":\"Communication for sustainability\",\"publisher\":{\"@id\":\"https:\/\/www.arctik.eu\/#organization\"},\"potentialAction\":[{\"@type\":\"SearchAction\",\"target\":{\"@type\":\"EntryPoint\",\"urlTemplate\":\"https:\/\/www.arctik.eu\/?s={search_term_string}\"},\"query-input\":{\"@type\":\"PropertyValueSpecification\",\"valueRequired\":true,\"valueName\":\"search_term_string\"}}],\"inLanguage\":\"fr-FR\"},{\"@type\":\"Organization\",\"@id\":\"https:\/\/www.arctik.eu\/#organization\",\"name\":\"Arctik - Communication for Sustainability\",\"url\":\"https:\/\/www.arctik.eu\/\",\"logo\":{\"@type\":\"ImageObject\",\"inLanguage\":\"fr-FR\",\"@id\":\"https:\/\/www.arctik.eu\/#\/schema\/logo\/image\/\",\"url\":\"https:\/\/www.arctik.eu\/wp-content\/uploads\/2022\/03\/arctik-communication-social-network.jpg\",\"contentUrl\":\"https:\/\/www.arctik.eu\/wp-content\/uploads\/2022\/03\/arctik-communication-social-network.jpg\",\"width\":1200,\"height\":630,\"caption\":\"Arctik - Communication for Sustainability\"},\"image\":{\"@id\":\"https:\/\/www.arctik.eu\/#\/schema\/logo\/image\/\"}}]}<\/script>\n<!-- \/ Yoast SEO Premium plugin. -->","yoast_head_json":{"title":"Flora Soyez - Arctik","robots":{"index":"index","follow":"follow","max-snippet":"max-snippet:-1","max-image-preview":"max-image-preview:large","max-video-preview":"max-video-preview:-1"},"canonical":"https:\/\/www.arctik.eu\/teams\/flora-soyez\/","og_locale":"fr_FR","og_type":"article","og_title":"Flora Soyez","og_description":"Flora a rejoint Arctik en septembre 2022 et travaille actuellement pour des projets belges (Bruxelles Environnement, Service public de la Wallonie), ayant une dominance en mati\u00e8re de communication num\u00e9rique et de strat\u00e9gie de diffusion. Apr\u00e8s avoir commenc\u00e9 sa carri\u00e8re en tant que consultante junior dans un cabinet de conseil europ\u00e9en sp\u00e9cialis\u00e9 dans les politiques environnementales, [&hellip;]","og_url":"https:\/\/www.arctik.eu\/teams\/flora-soyez\/","og_site_name":"Arctik","article_modified_time":"2023-02-22T12:13:54+00:00","og_image":[{"width":1000,"height":1000,"url":"https:\/\/www.arctik.eu\/wp-content\/uploads\/2022\/09\/Flora1.jpg","type":"image\/jpeg"}],"twitter_card":"summary_large_image","twitter_misc":{"Dur\u00e9e de lecture estim\u00e9e":"1 minute"},"schema":{"@context":"https:\/\/schema.org","@graph":[{"@type":"WebPage","@id":"https:\/\/www.arctik.eu\/teams\/flora-soyez\/","url":"https:\/\/www.arctik.eu\/teams\/flora-soyez\/","name":"Flora Soyez - Arctik","isPartOf":{"@id":"https:\/\/www.arctik.eu\/#website"},"primaryImageOfPage":{"@id":"https:\/\/www.arctik.eu\/teams\/flora-soyez\/#primaryimage"},"image":{"@id":"https:\/\/www.arctik.eu\/teams\/flora-soyez\/#primaryimage"},"thumbnailUrl":"https:\/\/www.arctik.eu\/wp-content\/uploads\/2022\/09\/Flora1.jpg","datePublished":"2022-09-23T12:11:54+00:00","dateModified":"2023-02-22T12:13:54+00:00","breadcrumb":{"@id":"https:\/\/www.arctik.eu\/teams\/flora-soyez\/#breadcrumb"},"inLanguage":"fr-FR","potentialAction":[{"@type":"ReadAction","target":["https:\/\/www.arctik.eu\/teams\/flora-soyez\/"]}]},{"@type":"ImageObject","inLanguage":"fr-FR","@id":"https:\/\/www.arctik.eu\/teams\/flora-soyez\/#primaryimage","url":"https:\/\/www.arctik.eu\/wp-content\/uploads\/2022\/09\/Flora1.jpg","contentUrl":"https:\/\/www.arctik.eu\/wp-content\/uploads\/2022\/09\/Flora1.jpg","width":1000,"height":1000},{"@type":"BreadcrumbList","@id":"https:\/\/www.arctik.eu\/teams\/flora-soyez\/#breadcrumb","itemListElement":[{"@type":"ListItem","position":1,"name":"Home","item":"https:\/\/www.arctik.eu\/fr\/homepage\/"},{"@type":"ListItem","position":2,"name":"Flora Soyez"}]},{"@type":"WebSite","@id":"https:\/\/www.arctik.eu\/#website","url":"https:\/\/www.arctik.eu\/","name":"Arctik","description":"Communication for sustainability","publisher":{"@id":"https:\/\/www.arctik.eu\/#organization"},"potentialAction":[{"@type":"SearchAction","target":{"@type":"EntryPoint","urlTemplate":"https:\/\/www.arctik.eu\/?s={search_term_string}"},"query-input":{"@type":"PropertyValueSpecification","valueRequired":true,"valueName":"search_term_string"}}],"inLanguage":"fr-FR"},{"@type":"Organization","@id":"https:\/\/www.arctik.eu\/#organization","name":"Arctik - Communication for Sustainability","url":"https:\/\/www.arctik.eu\/","logo":{"@type":"ImageObject","inLanguage":"fr-FR","@id":"https:\/\/www.arctik.eu\/#\/schema\/logo\/image\/","url":"https:\/\/www.arctik.eu\/wp-content\/uploads\/2022\/03\/arctik-communication-social-network.jpg","contentUrl":"https:\/\/www.arctik.eu\/wp-content\/uploads\/2022\/03\/arctik-communication-social-network.jpg","width":1200,"height":630,"caption":"Arctik - Communication for Sustainability"},"image":{"@id":"https:\/\/www.arctik.eu\/#\/schema\/logo\/image\/"}}]}},"_links":{"self":[{"href":"https:\/\/www.arctik.eu\/fr\/wp-json\/wp\/v2\/teams\/1619","targetHints":{"allow":["GET"]}}],"collection":[{"href":"https:\/\/www.arctik.eu\/fr\/wp-json\/wp\/v2\/teams"}],"about":[{"href":"https:\/\/www.arctik.eu\/fr\/wp-json\/wp\/v2\/types\/teams"}],"wp:featuredmedia":[{"embeddable":true,"href":"https:\/\/www.arctik.eu\/fr\/wp-json\/wp\/v2\/media\/1563"}],"wp:attachment":[{"href":"https:\/\/www.arctik.eu\/fr\/wp-json\/wp\/v2\/media?parent=1619"}],"curies":[{"name":"wp","href":"https:\/\/api.w.org\/{rel}","templated":true}]}}

<p>Flora a rejoint Arctik en septembre 2022 et travaille actuellement pour des projets belges (Bruxelles Environnement, Service public de la Wallonie), ayant une dominance en matière de communication numérique et de stratégie de diffusion. </p>



<p>Après avoir commencé sa carrière en tant que consultante junior dans un cabinet de conseil européen spécialisé dans les politiques environnementales, Flora a été coordinatrice de campagnes pour différentes ONG belges (la Croix-Rouge Belge notamment). Elle a également été assistante parlementaire, puis chargée de projets pour l’ONG ECOS. Flora est titulaire d&rsquo;un master en gestion environnementale de l’université Sheffield Hallam (Royaume-Uni), et d’un master en affaires européennes de l’ISMAPP, ainsi que d’une licence en sciences économiques et sociales de l’Institut catholique de Paris (France). De langue maternelle française, elle parle couramment anglais.</p>

<!-- This site is optimized with the Yoast SEO Premium plugin v18.1 (Yoast SEO v26.3) - https://yoast.com/wordpress/plugins/seo/ -->
<title>Flora Soyez - Arctik</title>
<meta name="robots" content="index, follow, max-snippet:-1, max-image-preview:large, max-video-preview:-1" />
<link rel="canonical" href="https://www.arctik.eu/teams/flora-soyez/" />
<meta property="og:locale" content="fr_FR" />
<meta property="og:type" content="article" />
<meta property="og:title" content="Flora Soyez" />
<meta property="og:description" content="Flora a rejoint Arctik en septembre 2022 et travaille actuellement pour des projets belges (Bruxelles Environnement, Service public de la Wallonie), ayant une dominance en matière de communication numérique et de stratégie de diffusion. Après avoir commencé sa carrière en tant que consultante junior dans un cabinet de conseil européen spécialisé dans les politiques environnementales, [&hellip;]" />
<meta property="og:url" content="https://www.arctik.eu/teams/flora-soyez/" />
<meta property="og:site_name" content="Arctik" />
<meta property="article:modified_time" content="2023-02-22T12:13:54+00:00" />
<meta property="og:image" content="https://www.arctik.eu/wp-content/uploads/2022/09/Flora1.jpg" />
	<meta property="og:image:width" content="1000" />
	<meta property="og:image:height" content="1000" />
	<meta property="og:image:type" content="image/jpeg" />
<meta name="twitter:card" content="summary_large_image" />
<meta name="twitter:label1" content="Durée de lecture estimée" />
	<meta name="twitter:data1" content="1 minute" />
<script type="application/ld+json" class="yoast-schema-graph">{"@context":"https://schema.org","@graph":[{"@type":"WebPage","@id":"https://www.arctik.eu/teams/flora-soyez/","url":"https://www.arctik.eu/teams/flora-soyez/","name":"Flora Soyez - Arctik","isPartOf":{"@id":"https://www.arctik.eu/#website"},"primaryImageOfPage":{"@id":"https://www.arctik.eu/teams/flora-soyez/#primaryimage"},"image":{"@id":"https://www.arctik.eu/teams/flora-soyez/#primaryimage"},"thumbnailUrl":"https://www.arctik.eu/wp-content/uploads/2022/09/Flora1.jpg","datePublished":"2022-09-23T12:11:54+00:00","dateModified":"2023-02-22T12:13:54+00:00","breadcrumb":{"@id":"https://www.arctik.eu/teams/flora-soyez/#breadcrumb"},"inLanguage":"fr-FR","potentialAction":[{"@type":"ReadAction","target":["https://www.arctik.eu/teams/flora-soyez/"]}]},{"@type":"ImageObject","inLanguage":"fr-FR","@id":"https://www.arctik.eu/teams/flora-soyez/#primaryimage","url":"https://www.arctik.eu/wp-content/uploads/2022/09/Flora1.jpg","contentUrl":"https://www.arctik.eu/wp-content/uploads/2022/09/Flora1.jpg","width":1000,"height":1000},{"@type":"BreadcrumbList","@id":"https://www.arctik.eu/teams/flora-soyez/#breadcrumb","itemListElement":[{"@type":"ListItem","position":1,"name":"Home","item":"https://www.arctik.eu/fr/homepage/"},{"@type":"ListItem","position":2,"name":"Flora Soyez"}]},{"@type":"WebSite","@id":"https://www.arctik.eu/#website","url":"https://www.arctik.eu/","name":"Arctik","description":"Communication for sustainability","publisher":{"@id":"https://www.arctik.eu/#organization"},"potentialAction":[{"@type":"SearchAction","target":{"@type":"EntryPoint","urlTemplate":"https://www.arctik.eu/?s={search_term_string}"},"query-input":{"@type":"PropertyValueSpecification","valueRequired":true,"valueName":"search_term_string"}}],"inLanguage":"fr-FR"},{"@type":"Organization","@id":"https://www.arctik.eu/#organization","name":"Arctik - Communication for Sustainability","url":"https://www.arctik.eu/","logo":{"@type":"ImageObject","inLanguage":"fr-FR","@id":"https://www.arctik.eu/#/schema/logo/image/","url":"https://www.arctik.eu/wp-content/uploads/2022/03/arctik-communication-social-network.jpg","contentUrl":"https://www.arctik.eu/wp-content/uploads/2022/03/arctik-communication-social-network.jpg","width":1200,"height":630,"caption":"Arctik - Communication for Sustainability"},"image":{"@id":"https://www.arctik.eu/#/schema/logo/image/"}}]}</script>
<!-- / Yoast SEO Premium plugin. -->

Flora a rejoint Arctik en septembre 2022 et travaille actuellement pour des projets belges (Bruxelles Environnement, Service public de la Wallonie), ayant une dominance en matière de communication numérique et de stratégie de diffusion. Après avoir commencé sa carrière en tant que consultante junior dans un cabinet de conseil européen spécialisé dans les politiques environnementales, [&hellip;]
